{"id":556,"date":"2024-01-24T17:07:23","date_gmt":"2024-01-24T16:07:23","guid":{"rendered":"https:\/\/jmnadeau.com\/?page_id=556"},"modified":"2024-03-28T14:32:12","modified_gmt":"2024-03-28T13:32:12","slug":"politique-de-confidentialite","status":"publish","type":"page","link":"https:\/\/jmnadeau.com\/index.php\/politique-de-confidentialite\/","title":{"rendered":"Politique de confidentialit\u00e9"},"content":{"rendered":"\n<h1 class=\"wp-block-heading\">Derni\u00e8re mise \u00e0 jour de la politique<br>de confidentialit\u00e9 le 25-janv.-2024&nbsp;<strong>Date d\u2019entr\u00e9e en vigueur 25-janv.-2024<\/strong><strong><\/strong><\/h1>\n\n\n\n<p>La pr\u00e9sente politique de confidentialit\u00e9 d\u00e9crit les politiques de Jean Marc Nadeau hypnoth\u00e9rapeute EMDR, 294 avenue de Limoges Niort, Veuillez saisir le code du destinataire ou une adresse e-mail certifi\u00e9e 79000, France Courriel : jmnadeauhypnose@gmail.com, T\u00e9l\u00e9phone&nbsp;: +33643365123 sur la collection, l\u2019utilisation et la divulgation des renseignements que nous recueillons \u00e0 votre sujet lorsque vous utilisez notre site Web ( https:\/\/jmnadeau.com\/wp-admin\/ ). (le \u00ab Service \u00bb). En acc\u00e9dant ou en utilisant le service, vous consentez \u00e0 la collecte, \u00e0 l\u2019utilisation et \u00e0 la divulgation de vos renseignements conform\u00e9ment \u00e0 la pr\u00e9sente Politique de confidentialit\u00e9. Si vous n\u2019y consentez pas, veuillez ne pas acc\u00e9der au Service ni l\u2019utiliser.<\/p>\n\n\n\n<p>Nous pouvons modifier cette politique de confidentialit\u00e9 \u00e0 tout moment sans tout pr\u00e9avis qui vous sera adress\u00e9 et affichera la version r\u00e9vis\u00e9e Politique de confidentialit\u00e9 sur le Service. La politique r\u00e9vis\u00e9e 180 jours \u00e0 compter de la date \u00e0 laquelle le la Politique r\u00e9vis\u00e9e est publi\u00e9e dans le Service et votre l\u2019acc\u00e8s ou l\u2019utilisation continue du Service apr\u00e8s cette p\u00e9riode constituera votre acceptation de la version r\u00e9vis\u00e9e de la Politique de confidentialit\u00e9 Politique. C\u2019est pourquoi nous vous recommandons de Consultez cette page.<\/p>\n\n\n\n<ol>\n<li>INFORMATIONS QUE NOUS RECUEILLONS :Nous collecterons et traiterons les informations suivantes Informations personnelles vous concernant :\n<ol>\n<li>Nom<\/li>\n\n\n\n<li>Messagerie \u00e9lectronique<\/li>\n<\/ol>\n<\/li>\n\n\n\n<li>COMMENT UTILISONS-NOUS VOS INFORMATIONS ?Nous utiliserons les informations que nous recueillons \u00e0 votre sujet aux fins suivantes :<ol><li>T\u00e9moignages<\/li><li>Informations sur l\u2019administration<\/li><\/ol>Si nous voulons utiliser vos informations pour d\u2019autres nous vous demanderons votre consentement et nous vous demanderons n\u2019utiliser vos informations qu\u2019\u00e0 la r\u00e9ception de votre consentement et ensuite, uniquement aux fins de qui donnent leur consentement, \u00e0 moins que nous ne soyons tenus de le faire autrement par la loi.<\/li>\n\n\n\n<li>CONSERVATION DE VOS INFORMATIONS :Nous conserverons vos informations personnelles aupr\u00e8s de nous pour 90 jours \u00e0 2 ans apr\u00e8s la r\u00e9siliation du compte par l\u2019utilisateur ou pour autant tant que nous en avons besoin pour remplir les objectifs qu\u2019il a \u00e9t\u00e9 recueilli comme d\u00e9taill\u00e9 dans ce Politique de confidentialit\u00e9. Il se peut que nous devions conserver certains des informations pour des p\u00e9riodes plus longues, telles que la tenue de dossiers et l\u2019\u00e9tablissement de rapports conform\u00e9ment \u00e0 la loi applicable ou pour d\u2019autres motifs l\u00e9gitimes comme l\u2019application des droits l\u00e9gaux, la fraude pr\u00e9vention, etc. Informations anonymes r\u00e9siduelles et des informations agr\u00e9g\u00e9es, qui ne sont ni l\u2019une ni l\u2019autre vous identifie (directement ou indirectement), peut \u00eatre stock\u00e9es ind\u00e9finiment.<\/li>\n\n\n\n<li>VOS DROITS :Selon la loi qui s\u2019applique, vous pourriez avoir d\u2019un droit d\u2019acc\u00e8s, de rectification ou d\u2019effacement de vos donn\u00e9es donn\u00e9es personnelles ou recevoir une copie de vos donn\u00e9es personnelles donn\u00e9es, restreindre ou s\u2019opposer \u00e0 l\u2019actif traitement de vos donn\u00e9es, nous demander de les partager (port) vos informations personnelles \u00e0 une autre entit\u00e9, retirer le consentement que vous nous avez donn\u00e9 pour traiter vos donn\u00e9es, un droit d\u2019introduire une r\u00e9clamation d\u2019une autorit\u00e9 statutaire et d\u2019autres droits dans la mesure o\u00f9 cela peut \u00eatre pertinent en vertu des lois applicables. \u00c0 exercer ces droits, vous pouvez nous \u00e9crire \u00e0 l\u2019adresse suivante : jmnadeauhypnose@gmail.com. Nous r\u00e9pondrons \u00e0 vos besoins conform\u00e9ment \u00e0 la loi applicable.Notez que si vous ne nous autorisez pas \u00e0 collecter ou traiter les informations personnelles requises ou retirer le consentement au traitement de la m\u00eame chose pour le aux fins requises, il se peut que vous ne puissiez pas y acc\u00e9der ou utiliser les services pour lesquels vos informations a \u00e9t\u00e9 recherch\u00e9e.<\/li>\n\n\n\n<li>COOKIES, ETC.Pour en savoir plus sur la fa\u00e7on dont nous utilisons ces et vos choix par rapport \u00e0 ces suivis technologies, veuillez vous r\u00e9f\u00e9rer \u00e0 notre&nbsp;<a href=\"https:\/\/jmnadeau.com\/wp-admin\/\">politique en mati\u00e8re de cookies.<\/a><\/li>\n\n\n\n<li>S\u00c9CURIT\u00c9:La s\u00e9curit\u00e9 de vos informations est importante pour et nous utiliserons des mesures de s\u00e9curit\u00e9 raisonnables pour \u00e9viter la perte, l\u2019utilisation abusive ou non autoris\u00e9e Modification de vos informations en vertu de notre contr\u00f4le. Toutefois, compte tenu des risques inh\u00e9rents, nous ne peut garantir une s\u00e9curit\u00e9 absolue et Par cons\u00e9quent, nous ne pouvons pas assurer ou garantir le S\u00e9curit\u00e9 de toutes les informations que vous nous transmettez Et vous le faites \u00e0 vos risques et p\u00e9rils.<\/li>\n\n\n\n<li>GRIEF \/ D\u00c9L\u00c9GU\u00c9 \u00c0 LA PROTECTION DES DONN\u00c9ES :Si vous avez des questions ou des pr\u00e9occupations au sujet de l&rsquo; Traitement de vos informations disponibles avec nous, vous pouvez envoyer un courriel \u00e0 notre agent des griefs \u00e0 l\u2019adresse suivante : Jean Marc Nadeau hypnoth\u00e9rapeute EMDR, 294 avenue de Limoges Niort, Courriel : jmnadeauhypnose@gmail.com. Nous r\u00e9pondrons \u00e0 vos pr\u00e9occupations conform\u00e9ment \u00e0 la loi applicable.<\/li>\n<\/ol>\n\n\n\n<p>Politique de confidentialit\u00e9 g\u00e9n\u00e9r\u00e9e avec&nbsp;<a target=\"_blank\" href=\"https:\/\/www.cookieyes.com\/?utm_source=PP&amp;utm_medium=footer&amp;utm_campaign=UW\" rel=\"noreferrer noopener\">CookieYes<\/a>.<\/p>\n\n\n\n<p>.<\/p>\n","protected":false},"excerpt":{"rendered":"<p>Derni\u00e8re mise \u00e0 jour de la politiquede confidentialit\u00e9 le 25-janv.-2024&nbsp;Date d\u2019entr\u00e9e en vigueur 25-janv.-2024 La pr\u00e9sente politique de confidentialit\u00e9 d\u00e9crit les politiques de Jean Marc Nadeau hypnoth\u00e9rapeute EMDR, 294 avenue de Limoges Niort, Veuillez saisir le code du destinataire ou une adresse e-mail certifi\u00e9e 79000, France Courriel : jmnadeauhypnose@gmail.com, T\u00e9l\u00e9phone&nbsp;: +33643365123 sur la collection, l\u2019utilisation&#8230;<\/p>\n","protected":false},"author":1,"featured_media":0,"parent":0,"menu_order":0,"comment_status":"closed","ping_status":"closed","template":"","meta":{"_kadence_starter_templates_imported_post":false,"_kad_post_transparent":"","_kad_post_title":"","_kad_post_layout":"","_kad_post_sidebar_id":"","_kad_post_content_style":"","_kad_post_vertical_padding":"","_kad_post_feature":"","_kad_post_feature_position":"","_kad_post_header":false,"_kad_post_footer":false,"footnotes":""},"yoast_head":"<!-- This site is optimized with the Yoast SEO plugin v24.5 - https:\/\/yoast.com\/wordpress\/plugins\/seo\/ -->\n<title>Politique de confidentialit\u00e9 -<\/title>\n<meta name=\"robots\" content=\"index, follow, max-snippet:-1, max-image-preview:large, max-video-preview:-1\" \/>\n<link rel=\"canonical\" href=\"https:\/\/jmnadeau.com\/index.php\/politique-de-confidentialite\/\" \/>\n<meta property=\"og:locale\" content=\"fr_FR\" \/>\n<meta property=\"og:type\" content=\"article\" \/>\n<meta property=\"og:title\" content=\"Politique de confidentialit\u00e9 -\" \/>\n<meta property=\"og:description\" content=\"Derni\u00e8re mise \u00e0 jour de la politiquede confidentialit\u00e9 le 25-janv.-2024&nbsp;Date d\u2019entr\u00e9e en vigueur 25-janv.-2024 La pr\u00e9sente politique de confidentialit\u00e9 d\u00e9crit les politiques de Jean Marc Nadeau hypnoth\u00e9rapeute EMDR, 294 avenue de Limoges Niort, Veuillez saisir le code du destinataire ou une adresse e-mail certifi\u00e9e 79000, France Courriel : jmnadeauhypnose@gmail.com, T\u00e9l\u00e9phone&nbsp;: +33643365123 sur la collection, l\u2019utilisation...\" \/>\n<meta property=\"og:url\" content=\"https:\/\/jmnadeau.com\/index.php\/politique-de-confidentialite\/\" \/>\n<meta property=\"article:modified_time\" content=\"2024-03-28T13:32:12+00:00\" \/>\n<meta property=\"og:image\" content=\"https:\/\/jmnadeau.com\/wp-content\/uploads\/2024\/03\/Original.png\" \/>\n\t<meta property=\"og:image:width\" content=\"3000\" \/>\n\t<meta property=\"og:image:height\" content=\"3000\" \/>\n\t<meta property=\"og:image:type\" content=\"image\/png\" \/>\n<meta name=\"twitter:card\" content=\"summary_large_image\" \/>\n<meta name=\"twitter:label1\" content=\"Dur\u00e9e de lecture estim\u00e9e\" \/>\n\t<meta name=\"twitter:data1\" content=\"4 minutes\" \/>\n<script type=\"application\/ld+json\" class=\"yoast-schema-graph\">{\"@context\":\"https:\/\/schema.org\",\"@graph\":[{\"@type\":\"WebPage\",\"@id\":\"https:\/\/jmnadeau.com\/index.php\/politique-de-confidentialite\/\",\"url\":\"https:\/\/jmnadeau.com\/index.php\/politique-de-confidentialite\/\",\"name\":\"Politique de confidentialit\u00e9 -\",\"isPartOf\":{\"@id\":\"https:\/\/jmnadeau.com\/#website\"},\"datePublished\":\"2024-01-24T16:07:23+00:00\",\"dateModified\":\"2024-03-28T13:32:12+00:00\",\"breadcrumb\":{\"@id\":\"https:\/\/jmnadeau.com\/index.php\/politique-de-confidentialite\/#breadcrumb\"},\"inLanguage\":\"fr-FR\",\"potentialAction\":[{\"@type\":\"ReadAction\",\"target\":[\"https:\/\/jmnadeau.com\/index.php\/politique-de-confidentialite\/\"]}]},{\"@type\":\"BreadcrumbList\",\"@id\":\"https:\/\/jmnadeau.com\/index.php\/politique-de-confidentialite\/#breadcrumb\",\"itemListElement\":[{\"@type\":\"ListItem\",\"position\":1,\"name\":\"Accueil\",\"item\":\"https:\/\/jmnadeau.com\/\"},{\"@type\":\"ListItem\",\"position\":2,\"name\":\"Politique de confidentialit\u00e9\"}]},{\"@type\":\"WebSite\",\"@id\":\"https:\/\/jmnadeau.com\/#website\",\"url\":\"https:\/\/jmnadeau.com\/\",\"name\":\"Jean-Marc Nadeau Ma\u00eetre Praticien en Hypnose & Praticien Certifi\u00e9 en EMDR\",\"description\":\"\",\"publisher\":{\"@id\":\"https:\/\/jmnadeau.com\/#organization\"},\"potentialAction\":[{\"@type\":\"SearchAction\",\"target\":{\"@type\":\"EntryPoint\",\"urlTemplate\":\"https:\/\/jmnadeau.com\/?s={search_term_string}\"},\"query-input\":{\"@type\":\"PropertyValueSpecification\",\"valueRequired\":true,\"valueName\":\"search_term_string\"}}],\"inLanguage\":\"fr-FR\"},{\"@type\":\"Organization\",\"@id\":\"https:\/\/jmnadeau.com\/#organization\",\"name\":\"Jean-Marc Nadeau Ma\u00eetre Praticien en Hypnose & Praticien Certifi\u00e9 en EMDR\",\"url\":\"https:\/\/jmnadeau.com\/\",\"logo\":{\"@type\":\"ImageObject\",\"inLanguage\":\"fr-FR\",\"@id\":\"https:\/\/jmnadeau.com\/#\/schema\/logo\/image\/\",\"url\":\"https:\/\/jmnadeau.com\/wp-content\/uploads\/2024\/08\/cropped-Psycho-Energeticien-2.png\",\"contentUrl\":\"https:\/\/jmnadeau.com\/wp-content\/uploads\/2024\/08\/cropped-Psycho-Energeticien-2.png\",\"width\":500,\"height\":462,\"caption\":\"Jean-Marc Nadeau Ma\u00eetre Praticien en Hypnose & Praticien Certifi\u00e9 en EMDR\"},\"image\":{\"@id\":\"https:\/\/jmnadeau.com\/#\/schema\/logo\/image\/\"}}]}<\/script>\n<!-- \/ Yoast SEO plugin. -->","yoast_head_json":{"title":"Politique de confidentialit\u00e9 -","robots":{"index":"index","follow":"follow","max-snippet":"max-snippet:-1","max-image-preview":"max-image-preview:large","max-video-preview":"max-video-preview:-1"},"canonical":"https:\/\/jmnadeau.com\/index.php\/politique-de-confidentialite\/","og_locale":"fr_FR","og_type":"article","og_title":"Politique de confidentialit\u00e9 -","og_description":"Derni\u00e8re mise \u00e0 jour de la politiquede confidentialit\u00e9 le 25-janv.-2024&nbsp;Date d\u2019entr\u00e9e en vigueur 25-janv.-2024 La pr\u00e9sente politique de confidentialit\u00e9 d\u00e9crit les politiques de Jean Marc Nadeau hypnoth\u00e9rapeute EMDR, 294 avenue de Limoges Niort, Veuillez saisir le code du destinataire ou une adresse e-mail certifi\u00e9e 79000, France Courriel : jmnadeauhypnose@gmail.com, T\u00e9l\u00e9phone&nbsp;: +33643365123 sur la collection, l\u2019utilisation...","og_url":"https:\/\/jmnadeau.com\/index.php\/politique-de-confidentialite\/","article_modified_time":"2024-03-28T13:32:12+00:00","og_image":[{"width":3000,"height":3000,"url":"https:\/\/jmnadeau.com\/wp-content\/uploads\/2024\/03\/Original.png","type":"image\/png"}],"twitter_card":"summary_large_image","twitter_misc":{"Dur\u00e9e de lecture estim\u00e9e":"4 minutes"},"schema":{"@context":"https:\/\/schema.org","@graph":[{"@type":"WebPage","@id":"https:\/\/jmnadeau.com\/index.php\/politique-de-confidentialite\/","url":"https:\/\/jmnadeau.com\/index.php\/politique-de-confidentialite\/","name":"Politique de confidentialit\u00e9 -","isPartOf":{"@id":"https:\/\/jmnadeau.com\/#website"},"datePublished":"2024-01-24T16:07:23+00:00","dateModified":"2024-03-28T13:32:12+00:00","breadcrumb":{"@id":"https:\/\/jmnadeau.com\/index.php\/politique-de-confidentialite\/#breadcrumb"},"inLanguage":"fr-FR","potentialAction":[{"@type":"ReadAction","target":["https:\/\/jmnadeau.com\/index.php\/politique-de-confidentialite\/"]}]},{"@type":"BreadcrumbList","@id":"https:\/\/jmnadeau.com\/index.php\/politique-de-confidentialite\/#breadcrumb","itemListElement":[{"@type":"ListItem","position":1,"name":"Accueil","item":"https:\/\/jmnadeau.com\/"},{"@type":"ListItem","position":2,"name":"Politique de confidentialit\u00e9"}]},{"@type":"WebSite","@id":"https:\/\/jmnadeau.com\/#website","url":"https:\/\/jmnadeau.com\/","name":"Jean-Marc Nadeau Ma\u00eetre Praticien en Hypnose & Praticien Certifi\u00e9 en EMDR","description":"","publisher":{"@id":"https:\/\/jmnadeau.com\/#organization"},"potentialAction":[{"@type":"SearchAction","target":{"@type":"EntryPoint","urlTemplate":"https:\/\/jmnadeau.com\/?s={search_term_string}"},"query-input":{"@type":"PropertyValueSpecification","valueRequired":true,"valueName":"search_term_string"}}],"inLanguage":"fr-FR"},{"@type":"Organization","@id":"https:\/\/jmnadeau.com\/#organization","name":"Jean-Marc Nadeau Ma\u00eetre Praticien en Hypnose & Praticien Certifi\u00e9 en EMDR","url":"https:\/\/jmnadeau.com\/","logo":{"@type":"ImageObject","inLanguage":"fr-FR","@id":"https:\/\/jmnadeau.com\/#\/schema\/logo\/image\/","url":"https:\/\/jmnadeau.com\/wp-content\/uploads\/2024\/08\/cropped-Psycho-Energeticien-2.png","contentUrl":"https:\/\/jmnadeau.com\/wp-content\/uploads\/2024\/08\/cropped-Psycho-Energeticien-2.png","width":500,"height":462,"caption":"Jean-Marc Nadeau Ma\u00eetre Praticien en Hypnose & Praticien Certifi\u00e9 en EMDR"},"image":{"@id":"https:\/\/jmnadeau.com\/#\/schema\/logo\/image\/"}}]}},"_links":{"self":[{"href":"https:\/\/jmnadeau.com\/index.php\/wp-json\/wp\/v2\/pages\/556"}],"collection":[{"href":"https:\/\/jmnadeau.com\/index.php\/wp-json\/wp\/v2\/pages"}],"about":[{"href":"https:\/\/jmnadeau.com\/index.php\/wp-json\/wp\/v2\/types\/page"}],"author":[{"embeddable":true,"href":"https:\/\/jmnadeau.com\/index.php\/wp-json\/wp\/v2\/users\/1"}],"replies":[{"embeddable":true,"href":"https:\/\/jmnadeau.com\/index.php\/wp-json\/wp\/v2\/comments?post=556"}],"version-history":[{"count":4,"href":"https:\/\/jmnadeau.com\/index.php\/wp-json\/wp\/v2\/pages\/556\/revisions"}],"predecessor-version":[{"id":590,"href":"https:\/\/jmnadeau.com\/index.php\/wp-json\/wp\/v2\/pages\/556\/revisions\/590"}],"wp:attachment":[{"href":"https:\/\/jmnadeau.com\/index.php\/wp-json\/wp\/v2\/media?parent=556"}],"curies":[{"name":"wp","href":"https:\/\/api.w.org\/{rel}","templated":true}]}}